{"id":1642,"date":"2023-05-22T17:00:51","date_gmt":"2023-05-22T15:00:51","guid":{"rendered":"http:\/\/www.sfz-friedberg.de\/?page_id=1642"},"modified":"2025-11-24T16:59:34","modified_gmt":"2025-11-24T15:59:34","slug":"erweiterte-schulleitung","status":"publish","type":"page","link":"https:\/\/www.sfz-friedberg.de\/index.php\/schulprofil\/erweiterte-schulleitung\/","title":{"rendered":"Erweiterte Schulleitung"},"content":{"rendered":"<h3 class=\"FESTSCHRIFTberschrift\"><button id=\"listenButton1\" class=\"responsivevoice-button\" type=\"button\" value=\"Play\" title=\"ResponsiveVoice Tap to Start\/Stop Speech\"><span>&#128266; Text zu Sprache<\/span><\/button>\n        <script>\n            listenButton1.onclick = function(){\n                if(responsiveVoice.isPlaying()){\n                    responsiveVoice.cancel();\n                }else{\n                    responsiveVoice.speak(\"Unsere Schule hat sich am Schulversuch \u201eF\u00fchrung KOOPERATIV\u201c der Stiftung Bildungspakt Bayern zur Erweiterten Schulleitung an F\u00f6rderzentren beteiligt. Hier k\u00f6nnen Sie sich \u00fcber den Schulversuch informieren: PROJEKTE F\u00fchrung kooperativ \u2013 Stiftung Bildungspakt Bayern (bildungspakt-bayern.de) Nach Abschluss dieses Schulversuchs arbeiten wir in einem erweiterten Schulleitungsteam in folgender Zusammensetzung: Mitglieder der Erweiterten Schulleitungsteams und ihre Rollen Diana Hertle: Schulleiterin Christoph Woithon: 1. Stellvertretender Schulleiter Personalf\u00fchrung: Fachlehrkr\u00e4fte Sonya Gerst: 2. Stellvertretende Schulleiterin Teamleitung SDW (Kl.7-9) Fachkoordinatorin f\u00fcr P\u00e4dagogik Fallbesprechungen und Interventionsplanung Karin Schynoll: Teamleitung: MSD Koordination der Einrichtung von Kooperationsklassen und -stufen an Regelschulen Monika Drexler: \u00a0 Teamleitung DFK (Kl. 1 -2) Fachkoordinatorin f\u00fcr Diagnostik und F\u00f6rderung Leitung des Testteams Leitung der SVE Agnes Wittmann: Teamleitung Mittelstufe (Kl. 3-6) Ganztagskoordinatorin Wir freuen uns, dass wir die sich stetig \u00e4ndernden Herausforderungen des Schulalltags mit einem vielf\u00e4ltigen und gut aufgestellten Team angehen k\u00f6nnen!\", \"Deutsch Female\");\n                }\n            };\n        <\/script>\n    <\/h3>\n<p>Unsere Schule hat sich am Schulversuch \u201e<strong>F\u00fchrung KOOPERATIV<\/strong>\u201c der Stiftung Bildungspakt Bayern zur Erweiterten Schulleitung an F\u00f6rderzentren beteiligt. Hier k\u00f6nnen Sie sich \u00fcber den Schulversuch informieren: <span style=\"color: #3366ff;\">PROJEKTE F\u00fchrung kooperativ \u2013 Stiftung Bildungspakt Bayern <span style=\"color: #000000;\">(<\/span><strong><span style=\"color: #0000ff;\"><a style=\"color: #0000ff;\" href=\"https:\/\/www.bildungspakt-bayern.de\/\">bildungspakt-bayern.de<\/a><\/span><\/strong><span style=\"color: #000000;\">)<\/span><\/span><\/p>\n<p>Nach Abschluss dieses Schulversuchs arbeiten wir in einem erweiterten Schulleitungsteam in folgender Zusammensetzung:<\/p>\n<p><span style=\"color: #339966;\"><strong>Mitglieder der Erweiterten Schulleitungsteams und ihre Rollen<\/strong><\/span><\/p>\n<table>\n<tbody>\n<tr>\n<td width=\"198\"><span style=\"color: #3366ff;\"><strong>Diana Hertle:<\/strong><\/span><\/td>\n<td width=\"406\">&nbsp;<\/p>\n<p><strong>Schulleiterin<\/strong><\/p>\n<p>&nbsp;<\/td>\n<\/tr>\n<tr>\n<td width=\"198\"><span style=\"color: #3366ff;\"><strong>Christoph Woithon:<\/strong><\/span><\/td>\n<td width=\"406\">&nbsp;<\/p>\n<p><strong>1. Stellvertretender Schulleiter<\/strong><\/p>\n<p><strong>Personalf\u00fchrung: Fachlehrkr\u00e4fte<\/strong><\/p>\n<p>&nbsp;<\/td>\n<\/tr>\n<tr>\n<td width=\"198\"><strong style=\"color: #3366ff;\">Sonya Gerst:<\/strong><\/td>\n<td width=\"406\">&nbsp;<\/p>\n<p><strong style=\"font-family: inherit; font-size: inherit;\">2. Stellvertretende Schulleiterin <\/strong><strong>Teamleitung SDW (Kl.7-9)<\/strong><\/p>\n<p><strong>Fachkoordinatorin f\u00fcr P\u00e4dagogik<\/strong><\/p>\n<p><strong>Fallbesprechungen und Interventionsplanung<\/strong><\/p>\n<p>&nbsp;<\/td>\n<\/tr>\n<tr>\n<td width=\"198\"><strong style=\"color: #3366ff;\">Karin Schynoll:<\/strong><\/td>\n<td width=\"406\">&nbsp;<\/p>\n<p><strong>Teamleitung: MSD<\/strong><\/p>\n<p><strong>Koordination der Einrichtung von Kooperationsklassen und -stufen an Regelschulen<\/strong><\/p>\n<p>&nbsp;<\/td>\n<\/tr>\n<tr>\n<td width=\"198\"><span style=\"color: #3366ff;\"><strong>Monika Drexler:<\/strong><\/span><\/td>\n<td width=\"406\"><strong>\u00a0<\/strong><\/p>\n<p><strong>Teamleitung DFK (Kl. 1 -2)<\/strong><\/p>\n<p><strong>Fachkoordinatorin f\u00fcr Diagnostik und F\u00f6rderung Leitung des Testteams<\/strong><\/p>\n<p><strong>Leitung der SVE<\/strong><\/p>\n<p>&nbsp;<\/td>\n<\/tr>\n<tr>\n<td width=\"198\"><span style=\"color: #3366ff;\"><strong>Agnes Wittmann:<\/strong><\/span><\/td>\n<td width=\"406\">&nbsp;<\/p>\n<p><strong>Teamleitung Mittelstufe (Kl. 3-6)<\/strong><\/p>\n<p><strong>Ganztagskoordinatorin<\/strong><\/p>\n<p>&nbsp;<\/td>\n<\/tr>\n<tr>\n<td width=\"198\"><\/td>\n<td width=\"406\"><\/td>\n<\/tr>\n<tr>\n<td width=\"198\"><\/td>\n<td width=\"406\"><\/td>\n<\/tr>\n<tr>\n<td width=\"198\"><\/td>\n<td width=\"406\"><\/td>\n<\/tr>\n<tr>\n<td width=\"198\"><\/td>\n<td width=\"406\"><\/td>\n<\/tr>\n<\/tbody>\n<\/table>\n<p>Wir freuen uns, dass wir die sich stetig \u00e4ndernden Herausforderungen des Schulalltags mit einem vielf\u00e4ltigen und gut aufgestellten Team angehen k\u00f6nnen!<\/p>\n<h3><\/h3>\n<p>&nbsp;<\/p>\n","protected":false},"excerpt":{"rendered":"<p>Unsere Schule hat sich am Schulversuch \u201eF\u00fchrung KOOPERATIV\u201c der Stiftung Bildungspakt Bayern zur Erweiterten Schulleitung an F\u00f6rderzentren beteiligt. Hier k\u00f6nnen &hellip; <\/p>\n","protected":false},"author":1,"featured_media":0,"parent":478,"menu_order":0,"comment_status":"closed","ping_status":"closed","template":"","meta":{"footnotes":""},"class_list":["post-1642","page","type-page","status-publish","hentry"],"_links":{"self":[{"href":"https:\/\/www.sfz-friedberg.de\/index.php\/wp-json\/wp\/v2\/pages\/1642","targetHints":{"allow":["GET"]}}],"collection":[{"href":"https:\/\/www.sfz-friedberg.de\/index.php\/wp-json\/wp\/v2\/pages"}],"about":[{"href":"https:\/\/www.sfz-friedberg.de\/index.php\/wp-json\/wp\/v2\/types\/page"}],"author":[{"embeddable":true,"href":"https:\/\/www.sfz-friedberg.de\/index.php\/wp-json\/wp\/v2\/users\/1"}],"replies":[{"embeddable":true,"href":"https:\/\/www.sfz-friedberg.de\/index.php\/wp-json\/wp\/v2\/comments?post=1642"}],"version-history":[{"count":10,"href":"https:\/\/www.sfz-friedberg.de\/index.php\/wp-json\/wp\/v2\/pages\/1642\/revisions"}],"predecessor-version":[{"id":2018,"href":"https:\/\/www.sfz-friedberg.de\/index.php\/wp-json\/wp\/v2\/pages\/1642\/revisions\/2018"}],"up":[{"embeddable":true,"href":"https:\/\/www.sfz-friedberg.de\/index.php\/wp-json\/wp\/v2\/pages\/478"}],"wp:attachment":[{"href":"https:\/\/www.sfz-friedberg.de\/index.php\/wp-json\/wp\/v2\/media?parent=1642"}],"curies":[{"name":"wp","href":"https:\/\/api.w.org\/{rel}","templated":true}]}}