{"id":1931,"date":"2025-02-06T16:48:12","date_gmt":"2025-02-06T15:48:12","guid":{"rendered":"https:\/\/www.sfz-friedberg.de\/?page_id=1931"},"modified":"2026-02-13T11:46:29","modified_gmt":"2026-02-13T10:46:29","slug":"schulradio","status":"publish","type":"page","link":"https:\/\/www.sfz-friedberg.de\/index.php\/schulradio\/","title":{"rendered":"Schulradio"},"content":{"rendered":"<h3 class=\"FESTSCHRIFTberschrift\"><button id=\"listenButton1\" class=\"responsivevoice-button\" type=\"button\" value=\"Play\" title=\"ResponsiveVoice Tap to Start\/Stop Speech\"><span>&#128266; Text zu Sprache<\/span><\/button>\n        <script>\n            listenButton1.onclick = function(){\n                if(responsiveVoice.isPlaying()){\n                    responsiveVoice.cancel();\n                }else{\n                    responsiveVoice.speak(\"Unser Schulradio - The Voice of ViPs Im Schuljahr 2025\/2026 besch\u00e4ftigten wir uns im ersten Halbjahr mit dem Thema \\\"Jugendsprache\\\" und haben f\u00fcr Euch die Weihnachtsgeschichte sozusagen \u00fcbersetzt. H\u00f6rt gerne\u00a0mal rein! Nat\u00fcrlich haben wir Euch auch nach Euren Lieblingsw\u00f6rtern gefragt und wie Ihr sie im Alltag so benutzt. Hier sind\u00a0unsere Ergebnisse der Umfragen und Recherchen: 6 Sch\u00fclerinnen zwischen 12 und 16 Jahren finden im Schuljahr 2024\/25 ihre Stimme, ihre Themen und Musik. Immer mittwochs im Nachmittagsangebot treffen wir uns und machen Radio! N\u00e4mlich das, worauf wir Lust haben! Wir wollen wie Journalisten arbeiten und den Themen auf den Grund gehen, die uns Jugendliche bewegen. Wir wollen aber auch Comedy machen und einfach gute Musik ausw\u00e4hlen und pr\u00e4sentieren. Wir machen das was aus uns rauskommt und senden das auch. Dazu recherchieren wir, h\u00f6ren auf unsere innere Stimme und nehmen die Stimmen derer auf, die etwas zu sagen haben. Wir lernen die Technik zu bedienen um interessante Beitr\u00e4ge daraus zu machen. Am 19. Februar 2025 ging es los mit Unterst\u00fctzung der heilp\u00e4dagogischen Fachkraft Heide-Marie Knie\u00df und der Radiocoach Miriam Artmann. Wir freuen uns sehr und pr\u00e4sentieren stolz unseren 1. Beitrag der Voice of ViPs: Und auch unseren zweiten Beitrag haben wir p\u00fcnktlich vor den Pfingstferien fertig gestellt: Die Schulradio-AG \\\"The Voice of ViPS\\\" w\u00fcnscht euch mit diesem Beitrag sch\u00f6ne Ferien und gute Erholung an all euren Lieblingsorten:\", \"Deutsch Female\");\n                }\n            };\n        <\/script>\n    <\/h3>\n<h1><strong>Unser Schulradio &#8211; The Voice of ViPs<a href=\"http:\/\/www.machdeinradio.de\" target=\"_blank\" rel=\"noopener www.machdeinradio.de\"><img loading=\"lazy\" decoding=\"async\" class=\"alignnone wp-image-1967\" src=\"https:\/\/www.sfz-friedberg.de\/wp-content\/uploads\/2025\/07\/IMG_20250714_100320-1-300x300.jpg\" alt=\"\" width=\"192\" height=\"192\" srcset=\"https:\/\/www.sfz-friedberg.de\/wp-content\/uploads\/2025\/07\/IMG_20250714_100320-1-300x300.jpg 300w, https:\/\/www.sfz-friedberg.de\/wp-content\/uploads\/2025\/07\/IMG_20250714_100320-1-1019x1024.jpg 1019w, https:\/\/www.sfz-friedberg.de\/wp-content\/uploads\/2025\/07\/IMG_20250714_100320-1-150x150.jpg 150w, https:\/\/www.sfz-friedberg.de\/wp-content\/uploads\/2025\/07\/IMG_20250714_100320-1-768x772.jpg 768w, https:\/\/www.sfz-friedberg.de\/wp-content\/uploads\/2025\/07\/IMG_20250714_100320-1-1529x1536.jpg 1529w, https:\/\/www.sfz-friedberg.de\/wp-content\/uploads\/2025\/07\/IMG_20250714_100320-1-2038x2048.jpg 2038w, https:\/\/www.sfz-friedberg.de\/wp-content\/uploads\/2025\/07\/IMG_20250714_100320-1-70x70.jpg 70w, https:\/\/www.sfz-friedberg.de\/wp-content\/uploads\/2025\/07\/IMG_20250714_100320-1-246x246.jpg 246w, https:\/\/www.sfz-friedberg.de\/wp-content\/uploads\/2025\/07\/IMG_20250714_100320-1-276x276.jpg 276w, https:\/\/www.sfz-friedberg.de\/wp-content\/uploads\/2025\/07\/IMG_20250714_100320-1-125x125.jpg 125w\" sizes=\"auto, (max-width: 192px) 100vw, 192px\" \/><\/a> <\/strong><\/h1>\n<p>Im <strong>Schuljahr 2025\/2026<\/strong> besch\u00e4ftigten wir uns im ersten Halbjahr mit dem Thema &#8222;Jugendsprache&#8220; und haben f\u00fcr Euch die Weihnachtsgeschichte sozusagen \u00fcbersetzt.<\/p>\n<p>H\u00f6rt gerne\u00a0mal rein!<\/p>\n<!--[if lt IE 9]><script>document.createElement('audio');<\/script><![endif]-->\n<audio class=\"wp-audio-shortcode\" id=\"audio-1931-1\" preload=\"none\" style=\"width: 100%;\" controls=\"controls\"><source type=\"audio\/mpeg\" src=\"https:\/\/www.sfz-friedberg.de\/wp-content\/uploads\/2026\/02\/OG-weihnachtsgeschichte.mp3?_=1\" \/><a href=\"https:\/\/www.sfz-friedberg.de\/wp-content\/uploads\/2026\/02\/OG-weihnachtsgeschichte.mp3\">https:\/\/www.sfz-friedberg.de\/wp-content\/uploads\/2026\/02\/OG-weihnachtsgeschichte.mp3<\/a><\/audio>\n<p>&nbsp;<\/p>\n<p>&nbsp;<\/p>\n<p>Nat\u00fcrlich haben wir Euch auch nach Euren Lieblingsw\u00f6rtern gefragt und wie Ihr sie im Alltag so benutzt.<\/p>\n<p>Hier sind\u00a0unsere Ergebnisse der Umfragen und Recherchen:<\/p>\n<audio class=\"wp-audio-shortcode\" id=\"audio-1931-2\" preload=\"none\" style=\"width: 100%;\" controls=\"controls\"><source type=\"audio\/mpeg\" src=\"https:\/\/www.sfz-friedberg.de\/wp-content\/uploads\/2026\/02\/Sendung-Jugendsprache.mp3?_=2\" \/><a href=\"https:\/\/www.sfz-friedberg.de\/wp-content\/uploads\/2026\/02\/Sendung-Jugendsprache.mp3\">https:\/\/www.sfz-friedberg.de\/wp-content\/uploads\/2026\/02\/Sendung-Jugendsprache.mp3<\/a><\/audio>\n<p>&nbsp;<\/p>\n<p>&nbsp;<\/p>\n<p>&nbsp;<\/p>\n<p>6 Sch\u00fclerinnen zwischen 12 und 16 Jahren finden im <strong>Schuljahr 2024\/25<\/strong> ihre Stimme, ihre Themen und Musik.<\/p>\n<p>Immer mittwochs im Nachmittagsangebot treffen wir uns und machen Radio! N\u00e4mlich das, worauf wir Lust haben!<\/p>\n<p>Wir wollen wie Journalisten arbeiten und den Themen auf den Grund gehen, die uns Jugendliche bewegen.<\/p>\n<p>Wir wollen aber auch Comedy machen und einfach gute Musik ausw\u00e4hlen und pr\u00e4sentieren. Wir machen das was aus uns rauskommt und senden das auch.<\/p>\n<p>Dazu recherchieren wir, h\u00f6ren auf unsere innere Stimme und nehmen die Stimmen derer auf, die etwas zu sagen haben. Wir lernen die Technik zu bedienen um interessante Beitr\u00e4ge daraus zu machen.<\/p>\n<p>Am 19. Februar 2025 ging es los mit Unterst\u00fctzung der heilp\u00e4dagogischen Fachkraft Heide-Marie Knie\u00df und der Radiocoach Miriam Artmann.<\/p>\n<p>&nbsp;<\/p>\n<p>Wir freuen uns sehr und pr\u00e4sentieren stolz unseren 1. Beitrag der Voice of ViPs:<\/p>\n<audio class=\"wp-audio-shortcode\" id=\"audio-1931-3\" preload=\"none\" style=\"width: 100%;\" controls=\"controls\"><source type=\"audio\/mpeg\" src=\"https:\/\/www.sfz-friedberg.de\/wp-content\/uploads\/2025\/08\/Sendung-vor-den-Osterferien-ohne-musik.mp3?_=3\" \/><a href=\"https:\/\/www.sfz-friedberg.de\/wp-content\/uploads\/2025\/08\/Sendung-vor-den-Osterferien-ohne-musik.mp3\">https:\/\/www.sfz-friedberg.de\/wp-content\/uploads\/2025\/08\/Sendung-vor-den-Osterferien-ohne-musik.mp3<\/a><\/audio>\n<p>&nbsp;<\/p>\n<div><\/div>\n<div>Und auch unseren zweiten Beitrag haben wir p\u00fcnktlich vor den Pfingstferien fertig gestellt:<\/div>\n<div><\/div>\n<div>\n<audio class=\"wp-audio-shortcode\" id=\"audio-1931-4\" preload=\"none\" style=\"width: 100%;\" controls=\"controls\"><source type=\"audio\/mpeg\" src=\"https:\/\/www.sfz-friedberg.de\/wp-content\/uploads\/2025\/08\/Sendung-vor-den-Pfingsferien_Ohne-Musik.mp3?_=4\" \/><a href=\"https:\/\/www.sfz-friedberg.de\/wp-content\/uploads\/2025\/08\/Sendung-vor-den-Pfingsferien_Ohne-Musik.mp3\">https:\/\/www.sfz-friedberg.de\/wp-content\/uploads\/2025\/08\/Sendung-vor-den-Pfingsferien_Ohne-Musik.mp3<\/a><\/audio>\n<\/div>\n<p>&nbsp;<\/p>\n<div><\/div>\n<div>Die Schulradio-AG &#8222;The Voice of ViPS&#8220; w\u00fcnscht euch mit diesem Beitrag sch\u00f6ne Ferien und gute Erholung an all euren Lieblingsorten:<\/div>\n<div><\/div>\n<div>\n<audio class=\"wp-audio-shortcode\" id=\"audio-1931-5\" preload=\"none\" style=\"width: 100%;\" controls=\"controls\"><source type=\"audio\/mpeg\" src=\"https:\/\/www.sfz-friedberg.de\/wp-content\/uploads\/2025\/11\/Sendung-der-perfekte-Sommer.mp3?_=5\" \/><a href=\"https:\/\/www.sfz-friedberg.de\/wp-content\/uploads\/2025\/11\/Sendung-der-perfekte-Sommer.mp3\">https:\/\/www.sfz-friedberg.de\/wp-content\/uploads\/2025\/11\/Sendung-der-perfekte-Sommer.mp3<\/a><\/audio>\n<\/div>\n<div>\n<div><\/div>\n<\/div>\n<div><\/div>\n<div><\/div>\n<div><a href=\"http:\/\/www.machdeinradio.de\" target=\"_blank\" rel=\"noopener www.machdeinradio.de\"><img loading=\"lazy\" decoding=\"async\" class=\"alignnone wp-image-1932 size-medium\" src=\"https:\/\/www.sfz-friedberg.de\/wp-content\/uploads\/2025\/02\/logo_blm_partner_pink-300x193.jpg\" alt=\"\" width=\"300\" height=\"193\" srcset=\"https:\/\/www.sfz-friedberg.de\/wp-content\/uploads\/2025\/02\/logo_blm_partner_pink-300x193.jpg 300w, https:\/\/www.sfz-friedberg.de\/wp-content\/uploads\/2025\/02\/logo_blm_partner_pink-768x495.jpg 768w, https:\/\/www.sfz-friedberg.de\/wp-content\/uploads\/2025\/02\/logo_blm_partner_pink.jpg 1000w\" sizes=\"auto, (max-width: 300px) 100vw, 300px\" \/><\/a><\/div>\n<p>&nbsp;<\/p>\n","protected":false},"excerpt":{"rendered":"<p>Unser Schulradio &#8211; The Voice of ViPs Im Schuljahr 2025\/2026 besch\u00e4ftigten wir uns im ersten Halbjahr mit dem Thema &#8222;Jugendsprache&#8220; &hellip; <\/p>\n","protected":false},"author":1,"featured_media":0,"parent":0,"menu_order":0,"comment_status":"closed","ping_status":"closed","template":"","meta":{"footnotes":""},"class_list":["post-1931","page","type-page","status-publish","hentry"],"_links":{"self":[{"href":"https:\/\/www.sfz-friedberg.de\/index.php\/wp-json\/wp\/v2\/pages\/1931","targetHints":{"allow":["GET"]}}],"collection":[{"href":"https:\/\/www.sfz-friedberg.de\/index.php\/wp-json\/wp\/v2\/pages"}],"about":[{"href":"https:\/\/www.sfz-friedberg.de\/index.php\/wp-json\/wp\/v2\/types\/page"}],"author":[{"embeddable":true,"href":"https:\/\/www.sfz-friedberg.de\/index.php\/wp-json\/wp\/v2\/users\/1"}],"replies":[{"embeddable":true,"href":"https:\/\/www.sfz-friedberg.de\/index.php\/wp-json\/wp\/v2\/comments?post=1931"}],"version-history":[{"count":14,"href":"https:\/\/www.sfz-friedberg.de\/index.php\/wp-json\/wp\/v2\/pages\/1931\/revisions"}],"predecessor-version":[{"id":2064,"href":"https:\/\/www.sfz-friedberg.de\/index.php\/wp-json\/wp\/v2\/pages\/1931\/revisions\/2064"}],"wp:attachment":[{"href":"https:\/\/www.sfz-friedberg.de\/index.php\/wp-json\/wp\/v2\/media?parent=1931"}],"curies":[{"name":"wp","href":"https:\/\/api.w.org\/{rel}","templated":true}]}}

<h3 class="FESTSCHRIFTberschrift"><button id="listenButton1" class="responsivevoice-button" type="button" value="Play" title="ResponsiveVoice Tap to Start/Stop Speech"><span>&#128266; Text zu Sprache</span></button>
        <script>
            listenButton1.onclick = function(){
                if(responsiveVoice.isPlaying()){
                    responsiveVoice.cancel();
                }else{
                    responsiveVoice.speak("Unser Schulradio - The Voice of ViPs Im Schuljahr 2025/2026 beschäftigten wir uns im ersten Halbjahr mit dem Thema \"Jugendsprache\" und haben für Euch die Weihnachtsgeschichte sozusagen übersetzt. Hört gerne mal rein! Natürlich haben wir Euch auch nach Euren Lieblingswörtern gefragt und wie Ihr sie im Alltag so benutzt. Hier sind unsere Ergebnisse der Umfragen und Recherchen: 6 Schülerinnen zwischen 12 und 16 Jahren finden im Schuljahr 2024/25 ihre Stimme, ihre Themen und Musik. Immer mittwochs im Nachmittagsangebot treffen wir uns und machen Radio! Nämlich das, worauf wir Lust haben! Wir wollen wie Journalisten arbeiten und den Themen auf den Grund gehen, die uns Jugendliche bewegen. Wir wollen aber auch Comedy machen und einfach gute Musik auswählen und präsentieren. Wir machen das was aus uns rauskommt und senden das auch. Dazu recherchieren wir, hören auf unsere innere Stimme und nehmen die Stimmen derer auf, die etwas zu sagen haben. Wir lernen die Technik zu bedienen um interessante Beiträge daraus zu machen. Am 19. Februar 2025 ging es los mit Unterstützung der heilpädagogischen Fachkraft Heide-Marie Knieß und der Radiocoach Miriam Artmann. Wir freuen uns sehr und präsentieren stolz unseren 1. Beitrag der Voice of ViPs: Und auch unseren zweiten Beitrag haben wir pünktlich vor den Pfingstferien fertig gestellt: Die Schulradio-AG \"The Voice of ViPS\" wünscht euch mit diesem Beitrag schöne Ferien und gute Erholung an all euren Lieblingsorten:", "Deutsch Female");
                }
            };
        </script>
    </h3>
<h1><strong>Unser Schulradio &#8211; The Voice of ViPs<a href="http://www.machdeinradio.de" target="_blank" rel="noopener www.machdeinradio.de"><img loading="lazy" decoding="async" class="alignnone wp-image-1967" src="https://www.sfz-friedberg.de/wp-content/uploads/2025/07/IMG_20250714_100320-1-300x300.jpg" alt="" width="192" height="192" srcset="https://www.sfz-friedberg.de/wp-content/uploads/2025/07/IMG_20250714_100320-1-300x300.jpg 300w, https://www.sfz-friedberg.de/wp-content/uploads/2025/07/IMG_20250714_100320-1-1019x1024.jpg 1019w, https://www.sfz-friedberg.de/wp-content/uploads/2025/07/IMG_20250714_100320-1-150x150.jpg 150w, https://www.sfz-friedberg.de/wp-content/uploads/2025/07/IMG_20250714_100320-1-768x772.jpg 768w, https://www.sfz-friedberg.de/wp-content/uploads/2025/07/IMG_20250714_100320-1-1529x1536.jpg 1529w, https://www.sfz-friedberg.de/wp-content/uploads/2025/07/IMG_20250714_100320-1-2038x2048.jpg 2038w, https://www.sfz-friedberg.de/wp-content/uploads/2025/07/IMG_20250714_100320-1-70x70.jpg 70w, https://www.sfz-friedberg.de/wp-content/uploads/2025/07/IMG_20250714_100320-1-246x246.jpg 246w, https://www.sfz-friedberg.de/wp-content/uploads/2025/07/IMG_20250714_100320-1-276x276.jpg 276w, https://www.sfz-friedberg.de/wp-content/uploads/2025/07/IMG_20250714_100320-1-125x125.jpg 125w" sizes="auto, (max-width: 192px) 100vw, 192px" /></a> </strong></h1>
<p>Im <strong>Schuljahr 2025/2026</strong> beschäftigten wir uns im ersten Halbjahr mit dem Thema &#8222;Jugendsprache&#8220; und haben für Euch die Weihnachtsgeschichte sozusagen übersetzt.</p>
<p>Hört gerne mal rein!</p>
<!--[if lt IE 9]><script>document.createElement('audio');</script><![endif]-->
<audio class="wp-audio-shortcode" id="audio-1931-1" preload="none" style="width: 100%;" controls="controls"><source type="audio/mpeg" src="https://www.sfz-friedberg.de/wp-content/uploads/2026/02/OG-weihnachtsgeschichte.mp3?_=1" /><a href="https://www.sfz-friedberg.de/wp-content/uploads/2026/02/OG-weihnachtsgeschichte.mp3">https://www.sfz-friedberg.de/wp-content/uploads/2026/02/OG-weihnachtsgeschichte.mp3</a></audio>
<p>&nbsp;</p>
<p>&nbsp;</p>
<p>Natürlich haben wir Euch auch nach Euren Lieblingswörtern gefragt und wie Ihr sie im Alltag so benutzt.</p>
<p>Hier sind unsere Ergebnisse der Umfragen und Recherchen:</p>
<audio class="wp-audio-shortcode" id="audio-1931-2" preload="none" style="width: 100%;" controls="controls"><source type="audio/mpeg" src="https://www.sfz-friedberg.de/wp-content/uploads/2026/02/Sendung-Jugendsprache.mp3?_=2" /><a href="https://www.sfz-friedberg.de/wp-content/uploads/2026/02/Sendung-Jugendsprache.mp3">https://www.sfz-friedberg.de/wp-content/uploads/2026/02/Sendung-Jugendsprache.mp3</a></audio>
<p>&nbsp;</p>
<p>&nbsp;</p>
<p>&nbsp;</p>
<p>6 Schülerinnen zwischen 12 und 16 Jahren finden im <strong>Schuljahr 2024/25</strong> ihre Stimme, ihre Themen und Musik.</p>
<p>Immer mittwochs im Nachmittagsangebot treffen wir uns und machen Radio! Nämlich das, worauf wir Lust haben!</p>
<p>Wir wollen wie Journalisten arbeiten und den Themen auf den Grund gehen, die uns Jugendliche bewegen.</p>
<p>Wir wollen aber auch Comedy machen und einfach gute Musik auswählen und präsentieren. Wir machen das was aus uns rauskommt und senden das auch.</p>
<p>Dazu recherchieren wir, hören auf unsere innere Stimme und nehmen die Stimmen derer auf, die etwas zu sagen haben. Wir lernen die Technik zu bedienen um interessante Beiträge daraus zu machen.</p>
<p>Am 19. Februar 2025 ging es los mit Unterstützung der heilpädagogischen Fachkraft Heide-Marie Knieß und der Radiocoach Miriam Artmann.</p>
<p>&nbsp;</p>
<p>Wir freuen uns sehr und präsentieren stolz unseren 1. Beitrag der Voice of ViPs:</p>
<audio class="wp-audio-shortcode" id="audio-1931-3" preload="none" style="width: 100%;" controls="controls"><source type="audio/mpeg" src="https://www.sfz-friedberg.de/wp-content/uploads/2025/08/Sendung-vor-den-Osterferien-ohne-musik.mp3?_=3" /><a href="https://www.sfz-friedberg.de/wp-content/uploads/2025/08/Sendung-vor-den-Osterferien-ohne-musik.mp3">https://www.sfz-friedberg.de/wp-content/uploads/2025/08/Sendung-vor-den-Osterferien-ohne-musik.mp3</a></audio>
<p>&nbsp;</p>
<div></div>
<div>Und auch unseren zweiten Beitrag haben wir pünktlich vor den Pfingstferien fertig gestellt:</div>
<div></div>
<div>
<audio class="wp-audio-shortcode" id="audio-1931-4" preload="none" style="width: 100%;" controls="controls"><source type="audio/mpeg" src="https://www.sfz-friedberg.de/wp-content/uploads/2025/08/Sendung-vor-den-Pfingsferien_Ohne-Musik.mp3?_=4" /><a href="https://www.sfz-friedberg.de/wp-content/uploads/2025/08/Sendung-vor-den-Pfingsferien_Ohne-Musik.mp3">https://www.sfz-friedberg.de/wp-content/uploads/2025/08/Sendung-vor-den-Pfingsferien_Ohne-Musik.mp3</a></audio>
</div>
<p>&nbsp;</p>
<div></div>
<div>Die Schulradio-AG &#8222;The Voice of ViPS&#8220; wünscht euch mit diesem Beitrag schöne Ferien und gute Erholung an all euren Lieblingsorten:</div>
<div></div>
<div>
<audio class="wp-audio-shortcode" id="audio-1931-5" preload="none" style="width: 100%;" controls="controls"><source type="audio/mpeg" src="https://www.sfz-friedberg.de/wp-content/uploads/2025/11/Sendung-der-perfekte-Sommer.mp3?_=5" /><a href="https://www.sfz-friedberg.de/wp-content/uploads/2025/11/Sendung-der-perfekte-Sommer.mp3">https://www.sfz-friedberg.de/wp-content/uploads/2025/11/Sendung-der-perfekte-Sommer.mp3</a></audio>
</div>
<div>
<div></div>
</div>
<div></div>
<div></div>
<div><a href="http://www.machdeinradio.de" target="_blank" rel="noopener www.machdeinradio.de"><img loading="lazy" decoding="async" class="alignnone wp-image-1932 size-medium" src="https://www.sfz-friedberg.de/wp-content/uploads/2025/02/logo_blm_partner_pink-300x193.jpg" alt="" width="300" height="193" srcset="https://www.sfz-friedberg.de/wp-content/uploads/2025/02/logo_blm_partner_pink-300x193.jpg 300w, https://www.sfz-friedberg.de/wp-content/uploads/2025/02/logo_blm_partner_pink-768x495.jpg 768w, https://www.sfz-friedberg.de/wp-content/uploads/2025/02/logo_blm_partner_pink.jpg 1000w" sizes="auto, (max-width: 300px) 100vw, 300px" /></a></div>
<p>&nbsp;</p>

<p>Unser Schulradio &#8211; The Voice of ViPs Im Schuljahr 2025/2026 beschäftigten wir uns im ersten Halbjahr mit dem Thema &#8222;Jugendsprache&#8220; &hellip; </p>
