{"id":482,"date":"2018-12-07T15:46:02","date_gmt":"2018-12-07T14:46:02","guid":{"rendered":"http:\/\/www.sfz-friedberg.de\/?page_id=482"},"modified":"2026-01-08T15:30:28","modified_gmt":"2026-01-08T14:30:28","slug":"foerder-und-unterstuetzungsangebote","status":"publish","type":"page","link":"https:\/\/www.sfz-friedberg.de\/index.php\/foerder-und-unterstuetzungsangebote\/","title":{"rendered":"F\u00f6rder- und Unterst\u00fctzungsangebote"},"content":{"rendered":"<p><strong>Schulbegleitung: <\/strong>Seit dem Schuljahr 2011\/12 werden an unserer Schule einzelne Kinder und Jugendliche durch eine Schulbegleiterin oder einen Schulbegleiter individuell bei der Teilnahme am Unterricht unterst\u00fctzt, so dass sie die Lernangebote nutzen und sich auch in die soziale Gruppe der Klasse integrieren k\u00f6nnen. Ziel ist es auch Krisen vorzubeugen bzw. bei Auftreten in individuell geeigneter Weise intervenieren zu k\u00f6nnen. Dabei gilt es auch, die Kinder und Jugendlichen in entwicklungsgem\u00e4\u00dfer Weise in ihrer Selbst\u00e4ndigkeit zu f\u00f6rdern. Die Bewilligung einer Schulbegleitung kann nach Antragsstellung der Erziehungsberechtigten vom Bezirk oder der Jugendhilfe vorgenommen werden.<\/p>\n<p><strong>Therapieangebote: <\/strong>Mit der Ausweitung der ganzt\u00e4gigen Betreuung der Sch\u00fclerinnen und Sch\u00fcler an der Schule wurden auch therapeutische Angebote durch die entsprechenden Fachdisziplinen der <strong>Logop\u00e4die<\/strong> und <strong>Ergotherapie<\/strong> notwendig. Seit dem Schuljahr 2014\/15 gibt es an unserer Schule das Angebot der Logop\u00e4die, jedoch nur f\u00fcr Kinder, die im Ganztag betreut werden. Denn es ist insbesondere den Kindern der Grundschulstufe kaum zuzumuten, nach einem langen Tag an der Schule sich noch einer logop\u00e4dischen Therapiema\u00dfnahme zu unterziehen. Seit dem Schuljahr 2017\/18 gibt es auch das Angebot der Ergotherapie, das auch nur genutzt werden kann, wenn die Kinder ganzt\u00e4gig an der Schule sind.<\/p>\n<p>Wir freuen uns sehr \u00fcber die Bereitschaft der Therapeutinnen zur Kooperation mit unserer Schule.<\/p>\n<p><strong>F\u00f6rderangebote: <\/strong>Seit der Gr\u00fcndung der Freiwilligenagentur des Landkreises im Jahr 2013 werden unsere Sch\u00fclerinnen und Sch\u00fcler durch Lese- und Lernpatinnen unterst\u00fctzt. Wir sind f\u00fcr dieses ehrenamtliche Engagement, das unsere <strong>Lese- und<\/strong> <strong>Lernpatinnen<\/strong> mit einem hohen Anspruch und Zuverl\u00e4ssigkeit in der F\u00f6rderung einzelner Sch\u00fclerinnen und Sch\u00fcler einbringen, sehr dankbar.<\/p>\n<p>Seit dem Schuljahr 2017\/18 unterst\u00fctzt eine Drittkraft <strong>Kinder mit Flucht- und Migrationshintergrund<\/strong> in der der Entwicklung ihrer sprachlichen F\u00e4higkeiten in einer Kleingruppe. Diese Ma\u00dfnahme wird vom Kultusministerium finanziert.<\/p>\n","protected":false},"excerpt":{"rendered":"<p>Schulbegleitung: Seit dem Schuljahr 2011\/12 werden an unserer Schule einzelne Kinder und Jugendliche durch eine Schulbegleiterin oder einen Schulbegleiter individuell &hellip; <\/p>\n","protected":false},"author":1,"featured_media":0,"parent":0,"menu_order":0,"comment_status":"closed","ping_status":"closed","template":"","meta":{"footnotes":""},"class_list":["post-482","page","type-page","status-publish","hentry"],"_links":{"self":[{"href":"https:\/\/www.sfz-friedberg.de\/index.php\/wp-json\/wp\/v2\/pages\/482","targetHints":{"allow":["GET"]}}],"collection":[{"href":"https:\/\/www.sfz-friedberg.de\/index.php\/wp-json\/wp\/v2\/pages"}],"about":[{"href":"https:\/\/www.sfz-friedberg.de\/index.php\/wp-json\/wp\/v2\/types\/page"}],"author":[{"embeddable":true,"href":"https:\/\/www.sfz-friedberg.de\/index.php\/wp-json\/wp\/v2\/users\/1"}],"replies":[{"embeddable":true,"href":"https:\/\/www.sfz-friedberg.de\/index.php\/wp-json\/wp\/v2\/comments?post=482"}],"version-history":[{"count":6,"href":"https:\/\/www.sfz-friedberg.de\/index.php\/wp-json\/wp\/v2\/pages\/482\/revisions"}],"predecessor-version":[{"id":2027,"href":"https:\/\/www.sfz-friedberg.de\/index.php\/wp-json\/wp\/v2\/pages\/482\/revisions\/2027"}],"wp:attachment":[{"href":"https:\/\/www.sfz-friedberg.de\/index.php\/wp-json\/wp\/v2\/media?parent=482"}],"curies":[{"name":"wp","href":"https:\/\/api.w.org\/{rel}","templated":true}]}}