{"id":64,"date":"2018-10-30T15:11:36","date_gmt":"2018-10-30T14:11:36","guid":{"rendered":"http:\/\/77.90.130.244\/blog\/?page_id=64"},"modified":"2025-11-19T11:03:48","modified_gmt":"2025-11-19T10:03:48","slug":"smv","status":"publish","type":"page","link":"https:\/\/www.sfz-friedberg.de\/index.php\/ueber-uns\/smv\/","title":{"rendered":"SMV"},"content":{"rendered":"<h3 class=\"FESTSCHRIFTberschrift\"><button id=\"listenButton1\" class=\"responsivevoice-button\" type=\"button\" value=\"Play\" title=\"ResponsiveVoice Tap to Start\/Stop Speech\"><span>&#128266; Text zu Sprache<\/span><\/button>\n        <script>\n            listenButton1.onclick = function(){\n                if(responsiveVoice.isPlaying()){\n                    responsiveVoice.cancel();\n                }else{\n                    responsiveVoice.speak(\"Die SMV im Schuljahr 2025\/26 SMV - Sch\u00fclermitverantwortung Unsere Sch\u00fclersprecher und unsere Sch\u00fclersprecherin im Schuljahr 2025\/2026 sind: Sch\u00fclersprecher: Tyler Koch, 8b Sch\u00fclersprecherin: Shahenda Al Mateiri, 8a Sch\u00fclersprecher: Bruce Haggenm\u00fcller, 7b Herzlichen Gl\u00fcckwunsch! Unsere\u00a0SMV\u2013 Stunde findet montags in der 5. Stunde statt. Die SMV im Schuljahr 2025\/26 Das sind WIR: Klassensprecherinnen und Klassensprecher der Klassenstufen 5 - 9, die bereit sind, sich f\u00fcr die Anliegen und W\u00fcnsche ihrer Mitsch\u00fclerinnen und Mitsch\u00fcler einzusetzen, die sich engagieren wollen f\u00fcr ein besseres Miteinander. Unsere Ziele sind, das SchulLEBEN aktiv mitzugestalten und unsere Ideen mit einzubringen. Uns ist wichtig zu erfahren, dass Schule mehr ist als nur Lernen, dass Schule Spa\u00df macht, dass Schule auch Gestaltungsr\u00e4ume bietet. Schule ist ein wichtiger Teil unseres Lebens. Die SMV im Schuljahr 2024\/25 Die Sch\u00fclersprecherinnen sagen DANKESCH\u00d6N! Liebe Mitglieder der SMV, wir hatten uns dieses Jahr viel vorgenommen und sind in unseren Teams die Themen auch angegangen \u2013 und seht mal, was wir alles geschafft haben: \u25aa Trikots f\u00fcr die Fu\u00dfballmannschaft \u25aa Partypause an Fasching \u25aa T-Shirts f\u00fcr alle Mitglieder der SMV \u25aa Teilnahme an Veranstaltungen unserer Schule: Pausenverkauf, Weihnachtsbasar, Osterhasenaktion f\u00fcr die DFK, Bezirkssportfest, \u201eEis f\u00fcr alle\u201c und Abschlussfeier \u25aa Briefkasten \/ Wunschbox der SMV in der Aula Unser pers\u00f6nlicher Dank geht besonders: \u25aa An Frau Knie\u00df, weil es ohne sie nicht m\u00f6glich w\u00e4re, uns zu treffen, \u25aa und ohne sie h\u00e4tten wir auch nicht so viel geschafft, \u25aa an Leon, der uns so viel geholfen hat beim Einsammeln der Muggelsteine, \u25aa an Frau Spring, die uns beim Kuchenverkauf und beim Pausenverkauf geholfen hat. Wir w\u00fcnschen Euch erholsame Ferien und einen tollen Sommer! Eure Sch\u00fclersprecherinnen Shahenda und Noreia\", \"Deutsch Female\");\n                }\n            };\n        <\/script>\n    <\/h3>\n<h3><span style=\"color: #333399;\"><strong>Die SMV im Schuljahr 2025\/26<\/strong><\/span><\/h3>\n<h3>SMV &#8211; Sch\u00fclermitverantwortung<\/h3>\n<p>Unsere Sch\u00fclersprecher und unsere Sch\u00fclersprecherin im Schuljahr 2025\/2026 sind:<\/p>\n<p style=\"padding-left: 80px;\"><img loading=\"lazy\" decoding=\"async\" class=\"alignnone wp-image-1996\" src=\"https:\/\/www.sfz-friedberg.de\/wp-content\/uploads\/2025\/11\/SMV-25-26-225x300.jpg\" alt=\"\" width=\"244\" height=\"326\" srcset=\"https:\/\/www.sfz-friedberg.de\/wp-content\/uploads\/2025\/11\/SMV-25-26-225x300.jpg 225w, https:\/\/www.sfz-friedberg.de\/wp-content\/uploads\/2025\/11\/SMV-25-26-768x1024.jpg 768w, https:\/\/www.sfz-friedberg.de\/wp-content\/uploads\/2025\/11\/SMV-25-26-1152x1536.jpg 1152w, https:\/\/www.sfz-friedberg.de\/wp-content\/uploads\/2025\/11\/SMV-25-26-1536x2048.jpg 1536w, https:\/\/www.sfz-friedberg.de\/wp-content\/uploads\/2025\/11\/SMV-25-26-scaled.jpg 1920w\" sizes=\"auto, (max-width: 244px) 100vw, 244px\" \/><\/p>\n<ol>\n<li>Sch\u00fclersprecher:<strong> Tyler Koch, 8b<\/strong><\/li>\n<li>Sch\u00fclersprecherin:<strong> Shahenda Al Mateiri, 8a<\/strong><\/li>\n<li>Sch\u00fclersprecher:<strong> Bruce Haggenm\u00fcller, 7b<\/strong><\/li>\n<\/ol>\n<p>Herzlichen Gl\u00fcckwunsch!<\/p>\n<p>Unsere\u00a0<strong>SMV<\/strong>\u2013 Stunde findet <strong>montags in der 5. Stunde <\/strong>statt.<\/p>\n<p><strong>Die SMV im Schuljahr 2025\/26 <\/strong><\/p>\n<p>Das sind WIR: Klassensprecherinnen und Klassensprecher der Klassenstufen 5 &#8211; 9, die bereit sind, sich f\u00fcr die Anliegen und W\u00fcnsche ihrer Mitsch\u00fclerinnen und Mitsch\u00fcler einzusetzen, die sich engagieren wollen f\u00fcr ein besseres Miteinander.<\/p>\n<p>Unsere Ziele sind, das SchulLEBEN aktiv mitzugestalten und unsere Ideen mit einzubringen.<\/p>\n<p>Uns ist wichtig zu erfahren, dass Schule mehr ist als nur Lernen, dass Schule Spa\u00df macht, dass Schule auch Gestaltungsr\u00e4ume bietet. Schule ist ein wichtiger Teil unseres Lebens.<\/p>\n<p>&nbsp;<\/p>\n<p><span style=\"color: #333399;\"><strong>Die SMV im Schuljahr 2024\/25<\/strong><\/span><\/p>\n<p>Die Sch\u00fclersprecherinnen sagen <span style=\"color: #333399;\">DANKESCH\u00d6N!<\/span><\/p>\n<p>Liebe Mitglieder der SMV,<br \/>\nwir hatten uns dieses Jahr viel vorgenommen und sind in<br \/>\nunseren Teams die Themen auch angegangen \u2013 und seht mal,<br \/>\nwas wir alles geschafft haben:<\/p>\n<p style=\"padding-left: 40px;\">\u25aa Trikots f\u00fcr die Fu\u00dfballmannschaft<br \/>\n\u25aa Partypause an Fasching<br \/>\n\u25aa T-Shirts f\u00fcr alle Mitglieder der SMV<br \/>\n\u25aa Teilnahme an Veranstaltungen unserer Schule:<br \/>\nPausenverkauf, Weihnachtsbasar, Osterhasenaktion f\u00fcr<br \/>\ndie DFK, Bezirkssportfest, \u201eEis f\u00fcr alle\u201c und Abschlussfeier<br \/>\n\u25aa Briefkasten \/ Wunschbox der SMV in der Aula<br \/>\nUnser pers\u00f6nlicher Dank geht besonders:<br \/>\n\u25aa An Frau Knie\u00df, weil es ohne sie nicht m\u00f6glich w\u00e4re, uns<br \/>\nzu treffen,<br \/>\n\u25aa und ohne sie h\u00e4tten wir auch nicht so viel geschafft,<br \/>\n\u25aa an Leon, der uns so viel geholfen hat beim Einsammeln<br \/>\nder Muggelsteine,<br \/>\n\u25aa an Frau Spring, die uns beim Kuchenverkauf und beim<br \/>\nPausenverkauf geholfen hat.<\/p>\n<p>&nbsp;<\/p>\n<p>Wir w\u00fcnschen Euch erholsame Ferien und einen tollen Sommer!<\/p>\n<p>Eure Sch\u00fclersprecherinnen Shahenda und Noreia<\/p>\n","protected":false},"excerpt":{"rendered":"<p>Die SMV im Schuljahr 2025\/26 SMV &#8211; Sch\u00fclermitverantwortung Unsere Sch\u00fclersprecher und unsere Sch\u00fclersprecherin im Schuljahr 2025\/2026 sind: Sch\u00fclersprecher: Tyler Koch, &hellip; <\/p>\n","protected":false},"author":1,"featured_media":0,"parent":58,"menu_order":0,"comment_status":"closed","ping_status":"closed","template":"","meta":{"footnotes":""},"class_list":["post-64","page","type-page","status-publish","hentry"],"_links":{"self":[{"href":"https:\/\/www.sfz-friedberg.de\/index.php\/wp-json\/wp\/v2\/pages\/64","targetHints":{"allow":["GET"]}}],"collection":[{"href":"https:\/\/www.sfz-friedberg.de\/index.php\/wp-json\/wp\/v2\/pages"}],"about":[{"href":"https:\/\/www.sfz-friedberg.de\/index.php\/wp-json\/wp\/v2\/types\/page"}],"author":[{"embeddable":true,"href":"https:\/\/www.sfz-friedberg.de\/index.php\/wp-json\/wp\/v2\/users\/1"}],"replies":[{"embeddable":true,"href":"https:\/\/www.sfz-friedberg.de\/index.php\/wp-json\/wp\/v2\/comments?post=64"}],"version-history":[{"count":33,"href":"https:\/\/www.sfz-friedberg.de\/index.php\/wp-json\/wp\/v2\/pages\/64\/revisions"}],"predecessor-version":[{"id":2016,"href":"https:\/\/www.sfz-friedberg.de\/index.php\/wp-json\/wp\/v2\/pages\/64\/revisions\/2016"}],"up":[{"embeddable":true,"href":"https:\/\/www.sfz-friedberg.de\/index.php\/wp-json\/wp\/v2\/pages\/58"}],"wp:attachment":[{"href":"https:\/\/www.sfz-friedberg.de\/index.php\/wp-json\/wp\/v2\/media?parent=64"}],"curies":[{"name":"wp","href":"https:\/\/api.w.org\/{rel}","templated":true}]}}

<h3 class="FESTSCHRIFTberschrift"><button id="listenButton1" class="responsivevoice-button" type="button" value="Play" title="ResponsiveVoice Tap to Start/Stop Speech"><span>&#128266; Text zu Sprache</span></button>
        <script>
            listenButton1.onclick = function(){
                if(responsiveVoice.isPlaying()){
                    responsiveVoice.cancel();
                }else{
                    responsiveVoice.speak("Die SMV im Schuljahr 2025/26 SMV - Schülermitverantwortung Unsere Schülersprecher und unsere Schülersprecherin im Schuljahr 2025/2026 sind: Schülersprecher: Tyler Koch, 8b Schülersprecherin: Shahenda Al Mateiri, 8a Schülersprecher: Bruce Haggenmüller, 7b Herzlichen Glückwunsch! Unsere SMV– Stunde findet montags in der 5. Stunde statt. Die SMV im Schuljahr 2025/26 Das sind WIR: Klassensprecherinnen und Klassensprecher der Klassenstufen 5 - 9, die bereit sind, sich für die Anliegen und Wünsche ihrer Mitschülerinnen und Mitschüler einzusetzen, die sich engagieren wollen für ein besseres Miteinander. Unsere Ziele sind, das SchulLEBEN aktiv mitzugestalten und unsere Ideen mit einzubringen. Uns ist wichtig zu erfahren, dass Schule mehr ist als nur Lernen, dass Schule Spaß macht, dass Schule auch Gestaltungsräume bietet. Schule ist ein wichtiger Teil unseres Lebens. Die SMV im Schuljahr 2024/25 Die Schülersprecherinnen sagen DANKESCHÖN! Liebe Mitglieder der SMV, wir hatten uns dieses Jahr viel vorgenommen und sind in unseren Teams die Themen auch angegangen – und seht mal, was wir alles geschafft haben: ▪ Trikots für die Fußballmannschaft ▪ Partypause an Fasching ▪ T-Shirts für alle Mitglieder der SMV ▪ Teilnahme an Veranstaltungen unserer Schule: Pausenverkauf, Weihnachtsbasar, Osterhasenaktion für die DFK, Bezirkssportfest, „Eis für alle“ und Abschlussfeier ▪ Briefkasten / Wunschbox der SMV in der Aula Unser persönlicher Dank geht besonders: ▪ An Frau Knieß, weil es ohne sie nicht möglich wäre, uns zu treffen, ▪ und ohne sie hätten wir auch nicht so viel geschafft, ▪ an Leon, der uns so viel geholfen hat beim Einsammeln der Muggelsteine, ▪ an Frau Spring, die uns beim Kuchenverkauf und beim Pausenverkauf geholfen hat. Wir wünschen Euch erholsame Ferien und einen tollen Sommer! Eure Schülersprecherinnen Shahenda und Noreia", "Deutsch Female");
                }
            };
        </script>
    </h3>
<h3><span style="color: #333399;"><strong>Die SMV im Schuljahr 2025/26</strong></span></h3>
<h3>SMV &#8211; Schülermitverantwortung</h3>
<p>Unsere Schülersprecher und unsere Schülersprecherin im Schuljahr 2025/2026 sind:</p>
<p style="padding-left: 80px;"><img loading="lazy" decoding="async" class="alignnone wp-image-1996" src="https://www.sfz-friedberg.de/wp-content/uploads/2025/11/SMV-25-26-225x300.jpg" alt="" width="244" height="326" srcset="https://www.sfz-friedberg.de/wp-content/uploads/2025/11/SMV-25-26-225x300.jpg 225w, https://www.sfz-friedberg.de/wp-content/uploads/2025/11/SMV-25-26-768x1024.jpg 768w, https://www.sfz-friedberg.de/wp-content/uploads/2025/11/SMV-25-26-1152x1536.jpg 1152w, https://www.sfz-friedberg.de/wp-content/uploads/2025/11/SMV-25-26-1536x2048.jpg 1536w, https://www.sfz-friedberg.de/wp-content/uploads/2025/11/SMV-25-26-scaled.jpg 1920w" sizes="auto, (max-width: 244px) 100vw, 244px" /></p>
<ol>
<li>Schülersprecher:<strong> Tyler Koch, 8b</strong></li>
<li>Schülersprecherin:<strong> Shahenda Al Mateiri, 8a</strong></li>
<li>Schülersprecher:<strong> Bruce Haggenmüller, 7b</strong></li>
</ol>
<p>Herzlichen Glückwunsch!</p>
<p>Unsere <strong>SMV</strong>– Stunde findet <strong>montags in der 5. Stunde </strong>statt.</p>
<p><strong>Die SMV im Schuljahr 2025/26 </strong></p>
<p>Das sind WIR: Klassensprecherinnen und Klassensprecher der Klassenstufen 5 &#8211; 9, die bereit sind, sich für die Anliegen und Wünsche ihrer Mitschülerinnen und Mitschüler einzusetzen, die sich engagieren wollen für ein besseres Miteinander.</p>
<p>Unsere Ziele sind, das SchulLEBEN aktiv mitzugestalten und unsere Ideen mit einzubringen.</p>
<p>Uns ist wichtig zu erfahren, dass Schule mehr ist als nur Lernen, dass Schule Spaß macht, dass Schule auch Gestaltungsräume bietet. Schule ist ein wichtiger Teil unseres Lebens.</p>
<p>&nbsp;</p>
<p><span style="color: #333399;"><strong>Die SMV im Schuljahr 2024/25</strong></span></p>
<p>Die Schülersprecherinnen sagen <span style="color: #333399;">DANKESCHÖN!</span></p>
<p>Liebe Mitglieder der SMV,<br />
wir hatten uns dieses Jahr viel vorgenommen und sind in<br />
unseren Teams die Themen auch angegangen – und seht mal,<br />
was wir alles geschafft haben:</p>
<p style="padding-left: 40px;">▪ Trikots für die Fußballmannschaft<br />
▪ Partypause an Fasching<br />
▪ T-Shirts für alle Mitglieder der SMV<br />
▪ Teilnahme an Veranstaltungen unserer Schule:<br />
Pausenverkauf, Weihnachtsbasar, Osterhasenaktion für<br />
die DFK, Bezirkssportfest, „Eis für alle“ und Abschlussfeier<br />
▪ Briefkasten / Wunschbox der SMV in der Aula<br />
Unser persönlicher Dank geht besonders:<br />
▪ An Frau Knieß, weil es ohne sie nicht möglich wäre, uns<br />
zu treffen,<br />
▪ und ohne sie hätten wir auch nicht so viel geschafft,<br />
▪ an Leon, der uns so viel geholfen hat beim Einsammeln<br />
der Muggelsteine,<br />
▪ an Frau Spring, die uns beim Kuchenverkauf und beim<br />
Pausenverkauf geholfen hat.</p>
<p>&nbsp;</p>
<p>Wir wünschen Euch erholsame Ferien und einen tollen Sommer!</p>
<p>Eure Schülersprecherinnen Shahenda und Noreia</p>

<p>Die SMV im Schuljahr 2025/26 SMV &#8211; Schülermitverantwortung Unsere Schülersprecher und unsere Schülersprecherin im Schuljahr 2025/2026 sind: Schülersprecher: Tyler Koch, &hellip; </p>
