{"id":66,"date":"2018-10-30T15:13:03","date_gmt":"2018-10-30T14:13:03","guid":{"rendered":"http:\/\/77.90.130.244\/blog\/?page_id=66"},"modified":"2024-12-02T14:10:52","modified_gmt":"2024-12-02T13:10:52","slug":"elternbeirat","status":"publish","type":"page","link":"https:\/\/www.sfz-friedberg.de\/index.php\/ueber-uns\/elternbeirat\/","title":{"rendered":"Elternbeirat"},"content":{"rendered":"<h3 class=\"FESTSCHRIFTberschrift\"><button id=\"listenButton1\" class=\"responsivevoice-button\" type=\"button\" value=\"Play\" title=\"ResponsiveVoice Tap to Start\/Stop Speech\"><span>&#128266; Text zu Sprache<\/span><\/button>\n        <script>\n            listenButton1.onclick = function(){\n                if(responsiveVoice.isPlaying()){\n                    responsiveVoice.cancel();\n                }else{\n                    responsiveVoice.speak(\"Willkommen auf der Seite des Elternbeirats der Vinzenz-Pallotti-Schule in Friedberg. Wir geben Euch hier einen Einblick in die Arbeit des Elternbeirats. Wir m\u00f6chten uns bedanken bei allen Eltern, die sich aktiv am Schulleben beteiligen. Wir freuen uns sehr \u00fcber jede Unterst\u00fctzung. Euer Elternbeirat im Schuljahr 2024\/2026 1.Vorsitzende: Manuela Lauter-Schmid (Tel.08208\/9573350,\u00a0Handy: 015222479744) 2. Vorsitzende: Tina Pfl\u00fcgl Schatzmeisterin: Manuela Durka-Mahl Schriftf\u00fchrerin: Tereza Pfundmeir Kirsten Schiffelholz, Marion Grobauer, Steffi Quast Sandra Schwenke, Martina Heiserer, Katharina Mitterer Marion Eisenhut, Monika Brandl Der Elternbeirat setzt sich aus gew\u00e4hlten Eltern der Vinzenz-Pallotti-Schule zusammen wird f\u00fcr 2 Jahre gew\u00e4hlt darf von allen Eltern auf der Wahlversammlung gew\u00e4hlt werden besteht aus maximal 12 Mitgliedern Wir sind Ansprechpartner und Vermittler f\u00fcr alle Eltern alle Sch\u00fclerinnen und Sch\u00fcler die Lehrkr\u00e4fte und die Schulleitung Wir bieten unsere Hilfe, wenn ihr Fragen habt ihr Unterst\u00fctzung ben\u00f6tigt Konflikte entstanden sind Wir haben das Ziel, die Entwicklung der Schule zum Wohle unserer Kinder zu f\u00f6rdern und zu unterst\u00fctzen. Aktivit\u00e4ten Schnuppertag der neuen Erstkl\u00e4ssler f\u00fcr die Eltern Kaffee und Kuchen Organisation des Elterncaf\u00e9s f\u00fcr die Eltern am Schulanfang der Erstkl\u00e4ssler Bus Benimm-Kurs Gesunde Pause f\u00fcr die Sch\u00fcler (1mal im Monat) Fit for Fun Tag Essen und Getr\u00e4nke auf der Adventsfeier der Schule Teilnahme am Karitativen Weihnachtsmarkt in Friedberg Nikolaus f\u00fcr die Sch\u00fcler Teilnahme an Schulfesten Wir w\u00fcnschen euch und euren Kindern ein sch\u00f6nes und erfolgreiches Schuljahr! Viele Gr\u00fc\u00dfe Euer Elternbeirat\", \"Deutsch Female\");\n                }\n            };\n        <\/script>\n    <\/h3>\n<h2>Willkommen auf der Seite des Elternbeirats der Vinzenz-Pallotti-Schule in Friedberg.<\/h2>\n<p>Wir geben Euch hier einen Einblick in die Arbeit des Elternbeirats.<\/p>\n<p>Wir m\u00f6chten uns bedanken bei allen Eltern, die sich aktiv am Schulleben beteiligen. Wir freuen uns sehr \u00fcber jede Unterst\u00fctzung.<\/p>\n<h3><strong>Euer Elternbeirat im Schuljahr <\/strong>2024\/2026<\/h3>\n<p><img loading=\"lazy\" decoding=\"async\" class=\"alignnone  wp-image-1865\" src=\"https:\/\/www.sfz-friedberg.de\/wp-content\/uploads\/2024\/12\/Elternbeirat-Herbst-2024-300x300.jpg\" alt=\"\" width=\"412\" height=\"412\" srcset=\"https:\/\/www.sfz-friedberg.de\/wp-content\/uploads\/2024\/12\/Elternbeirat-Herbst-2024-300x300.jpg 300w, https:\/\/www.sfz-friedberg.de\/wp-content\/uploads\/2024\/12\/Elternbeirat-Herbst-2024-1022x1024.jpg 1022w, https:\/\/www.sfz-friedberg.de\/wp-content\/uploads\/2024\/12\/Elternbeirat-Herbst-2024-150x150.jpg 150w, https:\/\/www.sfz-friedberg.de\/wp-content\/uploads\/2024\/12\/Elternbeirat-Herbst-2024-768x769.jpg 768w, https:\/\/www.sfz-friedberg.de\/wp-content\/uploads\/2024\/12\/Elternbeirat-Herbst-2024-70x70.jpg 70w, https:\/\/www.sfz-friedberg.de\/wp-content\/uploads\/2024\/12\/Elternbeirat-Herbst-2024-246x246.jpg 246w, https:\/\/www.sfz-friedberg.de\/wp-content\/uploads\/2024\/12\/Elternbeirat-Herbst-2024-276x276.jpg 276w, https:\/\/www.sfz-friedberg.de\/wp-content\/uploads\/2024\/12\/Elternbeirat-Herbst-2024-125x125.jpg 125w, https:\/\/www.sfz-friedberg.de\/wp-content\/uploads\/2024\/12\/Elternbeirat-Herbst-2024.jpg 1175w\" sizes=\"auto, (max-width: 412px) 100vw, 412px\" \/><\/p>\n<h4>1.Vorsitzende: Manuela Lauter-Schmid<\/h4>\n<p>(Tel.08208\/9573350,\u00a0Handy: 015222479744)<\/p>\n<h4>2. Vorsitzende: Tina Pfl\u00fcgl<\/h4>\n<p><strong>Schatzmeisterin:<\/strong> Manuela Durka-Mahl<\/p>\n<p><strong>Schriftf\u00fchrerin:<\/strong> Tereza Pfundmeir<\/p>\n<p>Kirsten Schiffelholz, Marion Grobauer, Steffi Quast<\/p>\n<p>Sandra Schwenke, Martina Heiserer, Katharina Mitterer<\/p>\n<p>Marion Eisenhut, Monika Brandl<\/p>\n<h3>Der Elternbeirat<\/h3>\n<ul>\n<li>setzt sich aus gew\u00e4hlten Eltern der Vinzenz-Pallotti-Schule zusammen<\/li>\n<li>wird f\u00fcr 2 Jahre gew\u00e4hlt<\/li>\n<li>darf von allen Eltern auf der Wahlversammlung gew\u00e4hlt werden<\/li>\n<li>besteht aus maximal 12 Mitgliedern<\/li>\n<\/ul>\n<h4>Wir sind Ansprechpartner und Vermittler<\/h4>\n<ul>\n<li>f\u00fcr alle Eltern<\/li>\n<li>alle Sch\u00fclerinnen und Sch\u00fcler<\/li>\n<li>die Lehrkr\u00e4fte und die Schulleitung<\/li>\n<\/ul>\n<h4>Wir bieten unsere Hilfe, wenn<\/h4>\n<ul>\n<li>ihr Fragen habt<\/li>\n<li>ihr Unterst\u00fctzung ben\u00f6tigt<\/li>\n<li>Konflikte entstanden sind<\/li>\n<\/ul>\n<h3>Wir haben das Ziel, die Entwicklung der Schule zum Wohle unserer Kinder zu f\u00f6rdern und zu unterst\u00fctzen.<\/h3>\n<h4><strong>Aktivit\u00e4ten<\/strong><\/h4>\n<ul>\n<li>Schnuppertag der neuen Erstkl\u00e4ssler f\u00fcr die Eltern Kaffee und Kuchen<\/li>\n<li>Organisation des Elterncaf\u00e9s f\u00fcr die Eltern am Schulanfang der Erstkl\u00e4ssler<\/li>\n<li>Bus Benimm-Kurs<\/li>\n<li>Gesunde Pause f\u00fcr die Sch\u00fcler (1mal im Monat)<\/li>\n<li>Fit for Fun Tag<\/li>\n<li>Essen und Getr\u00e4nke auf der Adventsfeier der Schule<\/li>\n<li>Teilnahme am Karitativen Weihnachtsmarkt in Friedberg<\/li>\n<li>Nikolaus f\u00fcr die Sch\u00fcler<\/li>\n<li>Teilnahme an Schulfesten<\/li>\n<\/ul>\n<h3>Wir w\u00fcnschen euch und euren Kindern ein sch\u00f6nes und erfolgreiches Schuljahr!<\/h3>\n<h4>Viele Gr\u00fc\u00dfe<\/h4>\n<h4>Euer Elternbeirat<\/h4>\n<p>&nbsp;<\/p>\n","protected":false},"excerpt":{"rendered":"<p>Willkommen auf der Seite des Elternbeirats der Vinzenz-Pallotti-Schule in Friedberg. Wir geben Euch hier einen Einblick in die Arbeit des &hellip; <\/p>\n","protected":false},"author":1,"featured_media":0,"parent":58,"menu_order":0,"comment_status":"closed","ping_status":"closed","template":"","meta":{"footnotes":""},"class_list":["post-66","page","type-page","status-publish","hentry"],"_links":{"self":[{"href":"https:\/\/www.sfz-friedberg.de\/index.php\/wp-json\/wp\/v2\/pages\/66","targetHints":{"allow":["GET"]}}],"collection":[{"href":"https:\/\/www.sfz-friedberg.de\/index.php\/wp-json\/wp\/v2\/pages"}],"about":[{"href":"https:\/\/www.sfz-friedberg.de\/index.php\/wp-json\/wp\/v2\/types\/page"}],"author":[{"embeddable":true,"href":"https:\/\/www.sfz-friedberg.de\/index.php\/wp-json\/wp\/v2\/users\/1"}],"replies":[{"embeddable":true,"href":"https:\/\/www.sfz-friedberg.de\/index.php\/wp-json\/wp\/v2\/comments?post=66"}],"version-history":[{"count":15,"href":"https:\/\/www.sfz-friedberg.de\/index.php\/wp-json\/wp\/v2\/pages\/66\/revisions"}],"predecessor-version":[{"id":1866,"href":"https:\/\/www.sfz-friedberg.de\/index.php\/wp-json\/wp\/v2\/pages\/66\/revisions\/1866"}],"up":[{"embeddable":true,"href":"https:\/\/www.sfz-friedberg.de\/index.php\/wp-json\/wp\/v2\/pages\/58"}],"wp:attachment":[{"href":"https:\/\/www.sfz-friedberg.de\/index.php\/wp-json\/wp\/v2\/media?parent=66"}],"curies":[{"name":"wp","href":"https:\/\/api.w.org\/{rel}","templated":true}]}}