{"id":68,"date":"2018-10-30T15:13:23","date_gmt":"2018-10-30T14:13:23","guid":{"rendered":"http:\/\/77.90.130.244\/blog\/?page_id=68"},"modified":"2024-01-17T15:02:22","modified_gmt":"2024-01-17T14:02:22","slug":"schulforum","status":"publish","type":"page","link":"https:\/\/www.sfz-friedberg.de\/index.php\/ueber-uns\/schulforum\/","title":{"rendered":"Schulforum"},"content":{"rendered":"<h3 class=\"FESTSCHRIFTberschrift\"><button id=\"listenButton1\" class=\"responsivevoice-button\" type=\"button\" value=\"Play\" title=\"ResponsiveVoice Tap to Start\/Stop Speech\"><span>&#128266; Text zu Sprache<\/span><\/button>\n        <script>\n            listenButton1.onclick = function(){\n                if(responsiveVoice.isPlaying()){\n                    responsiveVoice.cancel();\n                }else{\n                    responsiveVoice.speak(\"Schulforum Im Schuljahr 2013\/14 wurde an der Vinzenz-Pallotti-Schule das Schulforum eingerichtet. Nicht nur, weil das BayEUG die Einrichtung eines Schulforums vorsieht, sondern insbesondere, weil es seit vielen Jahren Tradition an der Vinzenz-Pallotti-Schule ist, dass sowohl die Sch\u00fcler\/-innen im Rahmen der SMV, als auch die Erziehungsberechtigten im Rahmen des Elternbeirats Schule und ihre Repr\u00e4sentation in der \u00d6ffentlichkeit aktiv mitgestalten, war die Gr\u00fcndung des Schulforums eine logische Weiterentwicklung des Schulprofils. Als Gremium, das aus gew\u00e4hlten Vertretern der Sch\u00fcler-, Eltern- und Lehrerschaft und der Schulleitung besteht, legitimiert es wesentliche Entwicklungen des Schulprofils und wirkt an diesen auch aktiv mit. In den letzten Jahren wirkte es bei folgenden Schulentwicklungsthemen und Themen des Schullebens mit: Gestaltung eines Sommerfests Entwicklung eines Erziehungspartnerschaftskonzepts nach Vorschl\u00e4gen der Elternschaft, der Lehrerschaft und der SMV Einf\u00fchrung einer Schulverfassung auf der Grundlage des Entwurfs des AK Schulverfassung Information durch Sachaufwandstr\u00e4ger \u00fcber Entwicklungen des Schulgeb\u00e4udes (Brandschutzma\u00dfnahmen und Generalsanierung bzw. Neubau) Gestaltung der 50-Jahr-Feier\", \"Deutsch Female\");\n                }\n            };\n        <\/script>\n    <\/h3>\n<h2>Schulforum<\/h2>\n<p>Im Schuljahr 2013\/14 wurde an der Vinzenz-Pallotti-Schule das Schulforum eingerichtet. Nicht nur, weil das BayEUG die Einrichtung eines Schulforums vorsieht, sondern insbesondere, weil es seit vielen Jahren Tradition an der Vinzenz-Pallotti-Schule ist, dass sowohl die Sch\u00fcler\/-innen im Rahmen der SMV, als auch die Erziehungsberechtigten im Rahmen des Elternbeirats Schule und ihre Repr\u00e4sentation in der \u00d6ffentlichkeit aktiv mitgestalten, war die Gr\u00fcndung des Schulforums eine logische Weiterentwicklung des Schulprofils.<\/p>\n<p>Als Gremium, das aus gew\u00e4hlten Vertretern der Sch\u00fcler-, Eltern- und Lehrerschaft und der Schulleitung besteht, legitimiert es wesentliche Entwicklungen des Schulprofils und wirkt an diesen auch aktiv mit.<\/p>\n<p>In den letzten Jahren wirkte es bei folgenden Schulentwicklungsthemen und Themen des Schullebens mit:<\/p>\n<ul>\n<li>Gestaltung eines Sommerfests<\/li>\n<li>Entwicklung eines Erziehungspartnerschaftskonzepts nach Vorschl\u00e4gen der Elternschaft, der Lehrerschaft und der SMV<\/li>\n<li>Einf\u00fchrung einer Schulverfassung auf der Grundlage des Entwurfs des AK Schulverfassung<\/li>\n<li>Information durch Sachaufwandstr\u00e4ger \u00fcber Entwicklungen des Schulgeb\u00e4udes (Brandschutzma\u00dfnahmen und Generalsanierung bzw. Neubau)<\/li>\n<li>Gestaltung der 50-Jahr-Feier<\/li>\n<\/ul>\n","protected":false},"excerpt":{"rendered":"<p>Schulforum Im Schuljahr 2013\/14 wurde an der Vinzenz-Pallotti-Schule das Schulforum eingerichtet. Nicht nur, weil das BayEUG die Einrichtung eines Schulforums &hellip; <\/p>\n","protected":false},"author":1,"featured_media":0,"parent":58,"menu_order":0,"comment_status":"closed","ping_status":"closed","template":"","meta":{"footnotes":""},"class_list":["post-68","page","type-page","status-publish","hentry"],"_links":{"self":[{"href":"https:\/\/www.sfz-friedberg.de\/index.php\/wp-json\/wp\/v2\/pages\/68","targetHints":{"allow":["GET"]}}],"collection":[{"href":"https:\/\/www.sfz-friedberg.de\/index.php\/wp-json\/wp\/v2\/pages"}],"about":[{"href":"https:\/\/www.sfz-friedberg.de\/index.php\/wp-json\/wp\/v2\/types\/page"}],"author":[{"embeddable":true,"href":"https:\/\/www.sfz-friedberg.de\/index.php\/wp-json\/wp\/v2\/users\/1"}],"replies":[{"embeddable":true,"href":"https:\/\/www.sfz-friedberg.de\/index.php\/wp-json\/wp\/v2\/comments?post=68"}],"version-history":[{"count":9,"href":"https:\/\/www.sfz-friedberg.de\/index.php\/wp-json\/wp\/v2\/pages\/68\/revisions"}],"predecessor-version":[{"id":1691,"href":"https:\/\/www.sfz-friedberg.de\/index.php\/wp-json\/wp\/v2\/pages\/68\/revisions\/1691"}],"up":[{"embeddable":true,"href":"https:\/\/www.sfz-friedberg.de\/index.php\/wp-json\/wp\/v2\/pages\/58"}],"wp:attachment":[{"href":"https:\/\/www.sfz-friedberg.de\/index.php\/wp-json\/wp\/v2\/media?parent=68"}],"curies":[{"name":"wp","href":"https:\/\/api.w.org\/{rel}","templated":true}]}}

<h3 class="FESTSCHRIFTberschrift"><button id="listenButton1" class="responsivevoice-button" type="button" value="Play" title="ResponsiveVoice Tap to Start/Stop Speech"><span>&#128266; Text zu Sprache</span></button>
        <script>
            listenButton1.onclick = function(){
                if(responsiveVoice.isPlaying()){
                    responsiveVoice.cancel();
                }else{
                    responsiveVoice.speak("Schulforum Im Schuljahr 2013/14 wurde an der Vinzenz-Pallotti-Schule das Schulforum eingerichtet. Nicht nur, weil das BayEUG die Einrichtung eines Schulforums vorsieht, sondern insbesondere, weil es seit vielen Jahren Tradition an der Vinzenz-Pallotti-Schule ist, dass sowohl die Schüler/-innen im Rahmen der SMV, als auch die Erziehungsberechtigten im Rahmen des Elternbeirats Schule und ihre Repräsentation in der Öffentlichkeit aktiv mitgestalten, war die Gründung des Schulforums eine logische Weiterentwicklung des Schulprofils. Als Gremium, das aus gewählten Vertretern der Schüler-, Eltern- und Lehrerschaft und der Schulleitung besteht, legitimiert es wesentliche Entwicklungen des Schulprofils und wirkt an diesen auch aktiv mit. In den letzten Jahren wirkte es bei folgenden Schulentwicklungsthemen und Themen des Schullebens mit: Gestaltung eines Sommerfests Entwicklung eines Erziehungspartnerschaftskonzepts nach Vorschlägen der Elternschaft, der Lehrerschaft und der SMV Einführung einer Schulverfassung auf der Grundlage des Entwurfs des AK Schulverfassung Information durch Sachaufwandsträger über Entwicklungen des Schulgebäudes (Brandschutzmaßnahmen und Generalsanierung bzw. Neubau) Gestaltung der 50-Jahr-Feier", "Deutsch Female");
                }
            };
        </script>
    </h3>
<h2>Schulforum</h2>
<p>Im Schuljahr 2013/14 wurde an der Vinzenz-Pallotti-Schule das Schulforum eingerichtet. Nicht nur, weil das BayEUG die Einrichtung eines Schulforums vorsieht, sondern insbesondere, weil es seit vielen Jahren Tradition an der Vinzenz-Pallotti-Schule ist, dass sowohl die Schüler/-innen im Rahmen der SMV, als auch die Erziehungsberechtigten im Rahmen des Elternbeirats Schule und ihre Repräsentation in der Öffentlichkeit aktiv mitgestalten, war die Gründung des Schulforums eine logische Weiterentwicklung des Schulprofils.</p>
<p>Als Gremium, das aus gewählten Vertretern der Schüler-, Eltern- und Lehrerschaft und der Schulleitung besteht, legitimiert es wesentliche Entwicklungen des Schulprofils und wirkt an diesen auch aktiv mit.</p>
<p>In den letzten Jahren wirkte es bei folgenden Schulentwicklungsthemen und Themen des Schullebens mit:</p>
<ul>
<li>Gestaltung eines Sommerfests</li>
<li>Entwicklung eines Erziehungspartnerschaftskonzepts nach Vorschlägen der Elternschaft, der Lehrerschaft und der SMV</li>
<li>Einführung einer Schulverfassung auf der Grundlage des Entwurfs des AK Schulverfassung</li>
<li>Information durch Sachaufwandsträger über Entwicklungen des Schulgebäudes (Brandschutzmaßnahmen und Generalsanierung bzw. Neubau)</li>
<li>Gestaltung der 50-Jahr-Feier</li>
</ul>
