{"id":707,"date":"2018-12-12T18:35:10","date_gmt":"2018-12-12T17:35:10","guid":{"rendered":"http:\/\/www.sfz-friedberg.de\/?page_id=707"},"modified":"2026-01-26T18:36:40","modified_gmt":"2026-01-26T17:36:40","slug":"elternbereich-und-formulare","status":"publish","type":"page","link":"https:\/\/www.sfz-friedberg.de\/index.php\/elternbereich-und-formulare\/","title":{"rendered":"Elternbereich, Formulare und Links"},"content":{"rendered":"<p><!--more--><\/p>\n<h2>Einschulung:<\/h2>\n<p>Der Elterninformationsabend zur Einschulung im Schuljahr 2026\/27 findet am <strong>Montag, den 26.01.2026 <\/strong>statt.<\/p>\n<p>Ab 18.30 Uhr k\u00f6nnen Sie Klassenzimmer der Diagnose- und F\u00f6rderklassen anschauen.<\/p>\n<p>P\u00fcnktlich um 19 Uhr beginnt dann die eigentliche Informationsveranstaltung.<\/p>\n<p>Wir freuen uns \u00fcber Ihr Interesse!<\/p>\n<p>&nbsp;<\/p>\n<h2><span style=\"color: #ff0000;\">Aktuelles:<\/span><\/h2>\n<h3><strong>Hier finden Sie die aktuellen B\u00f6gen f\u00fcr die Lernentwicklungsgespr\u00e4che 25\/26:<\/strong><\/h3>\n<h4>Klassen 1-2:<\/h4>\n<p><a href=\"https:\/\/www.sfz-friedberg.de\/wp-content\/uploads\/2026\/01\/LEG-Klasse-1a-Ballas-25-26.docx\">LEG Klasse 1a &#8211; Ballas 25-26<\/a><\/p>\n<p><a href=\"https:\/\/www.sfz-friedberg.de\/wp-content\/uploads\/2026\/01\/LEG-Klasse-1b-Greiter-25-26.docx\">LEG Klasse 1b &#8211; Greiter 25-26<\/a><\/p>\n<p><a href=\"https:\/\/www.sfz-friedberg.de\/wp-content\/uploads\/2026\/01\/LEG-Klasse-1Aa-Kumpfmueller-25-26.docx\">LEG Klasse 1Aa Kumpfm\u00fcller 25-26<\/a><\/p>\n<p><a href=\"https:\/\/www.sfz-friedberg.de\/wp-content\/uploads\/2026\/01\/LEG-Klasse-1Ab-Schoen-25-26.docx\">LEG Klasse 1Ab &#8211; Sch\u00f6n 25-26<\/a><\/p>\n<p><a href=\"https:\/\/www.sfz-friedberg.de\/wp-content\/uploads\/2026\/01\/LEG-Klasse-2a-Fink-25-26.docx\">LEG Klasse 2a Fink 25-26<\/a><\/p>\n<p><a href=\"https:\/\/www.sfz-friedberg.de\/wp-content\/uploads\/2026\/01\/LEG-Klasse-2b-Aigner-25-26.docx\">LEG Klasse 2b Aigner 25-26<\/a><\/p>\n<p><a href=\"https:\/\/www.sfz-friedberg.de\/wp-content\/uploads\/2026\/01\/LEG-SFK-Klasse-1-Hochenegger-25-26.docx\">LEG SFK Klasse 1 Hochenegger 25-26<\/a><\/p>\n<p><a href=\"https:\/\/www.sfz-friedberg.de\/wp-content\/uploads\/2026\/01\/LEG-SFK-Klasse-1A-Hochenegger-25-26.docx\">LEG SFK Klasse 1A Hochenegger 25-26<\/a><\/p>\n<p><a href=\"https:\/\/www.sfz-friedberg.de\/wp-content\/uploads\/2026\/01\/LEG-SFK-Klasse-2-Hochenegger-25-26.docx\">LEG SFK Klasse 2 Hochenegger 25-26<\/a><\/p>\n<h4>Mittelstufe 3-4:<\/h4>\n<p><a href=\"https:\/\/www.sfz-friedberg.de\/wp-content\/uploads\/2026\/01\/LEG-Klasse-3a-Wittmann-25-26.docx\">LEG Klasse 3a Wittmann 25-26<\/a><\/p>\n<p><a href=\"https:\/\/www.sfz-friedberg.de\/wp-content\/uploads\/2026\/01\/LEG-Klasse-3b-Schaeffler-25-26.docx\">LEG Klasse 3b Sch\u00e4ffler 25-26<\/a><\/p>\n<p><a href=\"https:\/\/www.sfz-friedberg.de\/wp-content\/uploads\/2026\/01\/LEG-Klasse-4a-Greiner-25-26.docx\">LEG Klasse 4a Greiner 25-26<\/a><\/p>\n<p><a href=\"https:\/\/www.sfz-friedberg.de\/wp-content\/uploads\/2026\/01\/LEG-Klasse-4b-Schrupp-25-26.docx\">LEG Klasse 4b Schrupp 25-26<\/a><\/p>\n<p><a href=\"https:\/\/www.sfz-friedberg.de\/wp-content\/uploads\/2026\/01\/LEG-SFK-2-Klasse-3-Roessert-25-26.docx\">LEG SFK 2 Klasse 3 R\u00f6ssert 25-26<\/a><\/p>\n<p><a href=\"https:\/\/www.sfz-friedberg.de\/wp-content\/uploads\/2026\/01\/LEG-SFK-2-Klasse-4-Roessert-25-26.docx\">LEG SFK 2 Klasse 4 R\u00f6ssert 25-26<\/a><\/p>\n<h4>Klassen 5-7:<\/h4>\n<p><a href=\"https:\/\/www.sfz-friedberg.de\/wp-content\/uploads\/2026\/01\/LEG-Klasse-5-Woelker-25-26.docx\">LEG Klasse 5 W\u00f6lker 25-26<\/a><\/p>\n<p><a href=\"https:\/\/www.sfz-friedberg.de\/wp-content\/uploads\/2026\/01\/LEG-Klasse-5-6-Franke-25-26.docx\">LEG Klasse 5-6 Franke 25-26<\/a><\/p>\n<p><a href=\"https:\/\/www.sfz-friedberg.de\/wp-content\/uploads\/2026\/01\/LEG-Klasse-6-Sailer-25-26.docx\">LEG Klasse 6 Sailer 25-26<\/a><\/p>\n<p><a href=\"https:\/\/www.sfz-friedberg.de\/wp-content\/uploads\/2026\/01\/LEG-SFK-2-Klasse-5-Roessert-25-26.docx\">LEG SFK 2 Klasse 5 R\u00f6ssert 25-26<\/a><\/p>\n<p><a href=\"https:\/\/www.sfz-friedberg.de\/wp-content\/uploads\/2026\/01\/LEG-Klasse-7a-Fischer-25-26-1.docx\">LEG Klasse 7a Fischer 25-26<\/a><\/p>\n<p><a href=\"https:\/\/www.sfz-friedberg.de\/wp-content\/uploads\/2026\/01\/LEG-Klasse-7b-Drmola-25-26.docx\">LEG Klasse 7b Drmola 25-26<\/a><\/p>\n<p>&nbsp;<\/p>\n<h2><span style=\"color: #ff0000;\">Allgemeines:<\/span><\/h2>\n<p class=\"FESTSCHRIFTberschrift\"><a href=\"https:\/\/www.sfz-friedberg.de\/wp-content\/uploads\/2018\/10\/einverst.pdf\">Einverst\u00e4ndniserkl\u00e4rung f\u00fcr die \u00dcberpr\u00fcfung<\/a><\/p>\n<p class=\"FESTSCHRIFTberschrift\"><a href=\"https:\/\/www.sfz-friedberg.de\/wp-content\/uploads\/2025\/10\/SFZ-Friedberg-Meldung-zur-Ueberpruefung-Angaben-Klassenleitung-25_26.doc\">SFZ Friedberg Meldung zur \u00dcberpr\u00fcfung &#8211; Angaben Klassenleitung 25_26<\/a><\/p>\n<p><a href=\"https:\/\/www.sfz-friedberg.de\/wp-content\/uploads\/2019\/02\/Datenschutzerkl\u00e4rung-ViP.pdf\" target=\"_blank\" rel=\"noopener noreferrer\">Datenschutzerkl\u00e4rung f\u00fcr Sch\u00fcler der Vinzenz-Pallotti-Schule<\/a><\/p>\n<p><a href=\"https:\/\/www.sfz-friedberg.de\/wp-content\/uploads\/2020\/01\/Aushang-Homepage-Depression-Schwaben.pdf\"><span style=\"color: #0000ff;\">Depressionen\/Angstst\u00f6rungen: \u00dcbersicht \u00fcber innerschulische und au\u00dferschulische <\/span><span style=\"color: #00ccff;\"><span style=\"color: #0000ff;\">Hilfsangebote<\/span><\/span><\/a><\/p>\n<p><a href=\"https:\/\/www.sfz-friedberg.de\/wp-content\/uploads\/2018\/11\/Anlage-A-Vereinbarung-Schule-Sorgeberechtigte-ENDFASSUNG.pdf\" target=\"_blank\" rel=\"noopener noreferrer\">Ein Formular f\u00fcr die Eltern zur Medikamentengabe<\/a><\/p>\n<p><a href=\"https:\/\/www.sfz-friedberg.de\/wp-content\/uploads\/2018\/11\/entschuldigung.pdf\" target=\"_blank\" rel=\"noopener noreferrer\">Erkrankung ihres Kindes<\/a><\/p>\n<p><a href=\"https:\/\/www.sfz-friedberg.de\/wp-content\/uploads\/2019\/01\/Abwesenheitsmeldung-OGS_VM.docx\" target=\"_blank\" rel=\"noopener noreferrer\">Abmeldung von der OGS\/VM wegen Krankheit<\/a><\/p>\n<p><a href=\"https:\/\/www.sfz-friedberg.de\/wp-content\/uploads\/2024\/03\/Nutzungsordnung-Schueler-ViP_2024.pdf\" target=\"_blank\" rel=\"noopener\">Nutzungsordnung der EDV-Einrichtung und des Internets f\u00fcr Sch\u00fclerinnen und Sch\u00fcler an der Vinzenz-Pallotti-Schule<\/a><\/p>\n<p><a href=\"https:\/\/www.sfz-friedberg.de\/wp-content\/uploads\/2018\/11\/belehrungsbogen_eltern_deutsch.pdf\" target=\"_blank\" rel=\"noopener noreferrer\">Belehrungsbogen f\u00fcr die Eltern nach dem Infektionsschutzgesetz<\/a><\/p>\n<h3><\/h3>\n<h2><span style=\"color: #ff0000;\">Links und Partner:<\/span><\/h2>\n<p><a href=\"https:\/\/www.schule-in-bayern.de\/\" target=\"_blank\" rel=\"noopener noreferrer\">Digitales Magazin: Schule in Bayern<\/a><\/p>\n<p><a href=\"http:\/\/www.lew-3malE.de\" target=\"_blank\" rel=\"noopener noreferrer\">LEW Partnerschulenprogramm<\/a><\/p>\n<p><a href=\"http:\/\/www.planet-beruf.de\/schuelerinnen\/\" target=\"_blank\" rel=\"noopener noreferrer\">Planet Beruf &#8211; Bundesagentur f\u00fcr Arbeit<\/a><\/p>\n<p><a href=\"https:\/\/www.xn--jobbrse-stellenangebote-blc.de\/\">Jobb\u00f6rse f\u00fcr Ausbildungen und Praktika<\/a><\/p>\n","protected":false},"excerpt":{"rendered":"","protected":false},"author":1,"featured_media":0,"parent":0,"menu_order":0,"comment_status":"closed","ping_status":"closed","template":"","meta":{"footnotes":""},"class_list":["post-707","page","type-page","status-publish","hentry"],"_links":{"self":[{"href":"https:\/\/www.sfz-friedberg.de\/index.php\/wp-json\/wp\/v2\/pages\/707","targetHints":{"allow":["GET"]}}],"collection":[{"href":"https:\/\/www.sfz-friedberg.de\/index.php\/wp-json\/wp\/v2\/pages"}],"about":[{"href":"https:\/\/www.sfz-friedberg.de\/index.php\/wp-json\/wp\/v2\/types\/page"}],"author":[{"embeddable":true,"href":"https:\/\/www.sfz-friedberg.de\/index.php\/wp-json\/wp\/v2\/users\/1"}],"replies":[{"embeddable":true,"href":"https:\/\/www.sfz-friedberg.de\/index.php\/wp-json\/wp\/v2\/comments?post=707"}],"version-history":[{"count":169,"href":"https:\/\/www.sfz-friedberg.de\/index.php\/wp-json\/wp\/v2\/pages\/707\/revisions"}],"predecessor-version":[{"id":2058,"href":"https:\/\/www.sfz-friedberg.de\/index.php\/wp-json\/wp\/v2\/pages\/707\/revisions\/2058"}],"wp:attachment":[{"href":"https:\/\/www.sfz-friedberg.de\/index.php\/wp-json\/wp\/v2\/media?parent=707"}],"curies":[{"name":"wp","href":"https:\/\/api.w.org\/{rel}","templated":true}]}}